What is the millions digit of 690851211?
0
What is the hundreds digit of 84922937?
9
What is the hundred thousands digit of 892069193?
0
What is the millions digit of 136919066?
6
What is the units digit of 264495618?
8
What is the units digit of 25753080?
0
What is the units digit of 12369203?
3
What is the hundred millions digit of 2283474884?
2
What is the millions digit of 872080902?
2
What is the ten thousands digit of 247037898?
3
What is the hundreds digit of 222798042?
0
What is the billions digit of 6700469096?
6
What is the units digit of 154633337?
7
What is the thousands digit of 1712952844?
2
What is the ten thousands digit of 3993442070?
4
What is the ten millions digit of 47172970?
4
What is the hundreds digit of 5753238?
2
What is the ten millions digit of 107972309?
0
What is the hundred thousands digit of 56644631?
6
What is the hundred thousands digit of 1633206880?
2
What is the billions digit of 2370255503?
2
What is the hundreds digit of 177469282?
2
What is the units digit of 55309963?
3
What is the units digit of 906612252?
2
What is the ten thousands digit of 32024430?
2
What is the tens digit of 668326105?
0
What is the units digit of 421345509?
9
What is the hundreds digit of 1368479364?
3
What is the hundreds digit of 263197155?
1
What is the ten millions digit of 85138338?
8
What is the hundred millions digit of 1261593303?
2
What is the tens digit of 1604817842?
4
What is the thousands digit of 93529584?
9
What is the ten thousands digit of 105852061?
5
What is the hundred thousands digit of 1049826218?
8
What is the ten thousands digit of 26086879?
8
What is the hundred thousands digit of 21099733?
0
What is the millions digit of 76410829?
6
What is the tens digit of 1201605552?
5
What is the hundreds digit of 57641325?
3
What is the millions digit of 18837827?
8
What is the hundreds digit of 99985782?
7
What is the hundred millions digit of 107507038?
1
What is the thousands digit of 288612869?
2
What is the units digit of 44812988?
8
What is the hundreds digit of 63048315?
3
What is the hundred thousands digit of 91488204?
4
What is the hundreds digit of 31474590?
5
What is the units digit of 41119036?
6
What is the hundred thousands digit of 83998843?
9
What is the millions digit of 405684969?
5
What is the tens digit of 583025989?
8
What is the tens digit of 1616156404?
0
What is the hundred millions digit of 916524689?
9
What is the thousands digit of 4393403070?
3
What is the hundreds digit of 2277967349?
3
What is the units digit of 457630542?
2
What is the ten millions digit of 454146088?
5
What is the hundred thousands digit of 49112575?
1
What is the billions digit of 6945819551?
6
What is the hundred thousands digit of 523154975?
1
What is the ten millions digit of 37312867?
3
What is the hundreds digit of 93973162?
1
What is the units digit of 247798854?
4
What is the ten millions digit of 646246233?
4
What is the thousands digit of 1906352497?
2
What is the ten thousands digit of 722500274?
0
What is the hundred millions digit of 116145169?
1
What is the hundreds digit of 3148722001?
0
What is the millions digit of 60573483?
0
What is the hundreds digit of 50563091?
0
What is the ten millions digit of 723242912?
2
What is the hundred thousands digit of 53368879?
3
What is the hundred thousands digit of 387092240?
0
What is the hundreds digit of 112404031?
0
What is the millions digit of 2264214719?
4
What is the ten thousands digit of 1447126028?
2
What is the ten millions digit of 52414855?
5
What is the thousands digit of 158649184?
9
What is the hundreds digit of 6430014690?
6
What is the thousands digit of 137748316?
8
What is the hundreds digit of 8293403831?
8
What is the thousands digit of 464097934?
7
What is the thousands digit of 44958923?
8
What is the tens digit of 4879874746?
4
What is the millions digit of 39923116?
9
What is the ten millions digit of 1507720902?
0
What is the thousands digit of 69106018?
6
What is the tens digit of 2264564663?
6
What is the hundred thousands digit of 127467104?
4
What is the millions digit of 59989698?
9
What is the ten thousands digit of 3145789657?
8
What is the hundreds digit of 3829595?
5
What is the ten millions digit of 338598364?
3
What is the tens digit of 565295079?
7
What is the hundred millions digit of 676033289?
6
What is the hundreds digit of 2020064?
0
What is the billions digit of 3104606990?
3
What is the millions digit of 14376049?
4
What is the ten thousands digit of 300441421?
4
What is the thousands digit of 600276885?
6
What is the ten thousands digit of 48751536?
5
What is the hundred thousands digit of 2018262343?
2
What is the units digit of 60688863?
3
What is the millions digit of 25563976?
5
What is the ten thousands digit of 1851265784?
6
What is the ten millions digit of 222657834?
2
What is the tens digit of 221894098?
9
What is the units digit of 885732023?
3
What is the hundred thousands digit of 95575266?
5
What is the hundreds digit of 268508344?
3
What is the hundreds digit of 471604168?
1
What is the hundreds digit of 271585215?
2
What is the ten thousands digit of 299464409?
6
What is the ten thousands digit of 398259449?
5
What is the thousands digit of 3697404116?
4
What is the hundred millions digit of 113025980?
1
What is the millions digit of 1871027784?
1
What is the ten millions digit of 787577028?
8
What is the units digit of 67936779?
9
What is the hundred thousands digit of 674617867?
6
What is the ten thousands digit of 11784463?
8
What is the ten thousands digit of 183681185?
8
What is the millions digit of 216365276?
6
What is the hundred thousands digit of 20106310?
1
What is the ten millions digit of 353732615?
5
What is the hundred millions digit of 3073032244?
0
What is the hundred thousands digit of 632937343?
9
What is the thousands digit of 634038864?
8
What is the thousands digit of 63769734?
9
What is the tens digit of 450002297?
9
What is the millions digit of 31898115?
1
What is the ten millions digit of 882983944?
8
What is the thousands digit of 23392035?
2
What is the tens digit of 464353771?
7
What is the hundred thousands digit of 535792668?
7
What is the hundred thousands digit of 359184384?
1
What is the hundreds digit of 113136637?
6
What is the units digit of 77620215?
5
What is the tens digit of 53625648?
4
What is the units digit of 831433358?
8
What is the ten millions digit of 147272144?
4
What is the millions digit of 109328938?
9
What is the ten thousands digit of 21156675?
5
What is the units digit of 45079952?
2
What is the millions digit of 52285522?
2
What is the hundreds digit of 422157092?
0
What is the hundreds digit of 57410881?
8
What is the millions digit of 261962019?
1
What is the millions digit of 1393943437?
3
What is the units digit of 159895202?
2
What is the ten millions digit of 35160505?
3
What is the units digit of 289399697?
7
What is the hundred thousands digit of 563344759?
3
What is the ten thousands digit of 18842405?
4
What is the hundreds digit of 406227528?
5
What is the ten thousands digit of 18190624?
9
What is the units digit of 113375525?
5
What is the tens digit of 2329413221?
2
What is the units digit of 82325822?
2
What is the ten millions digit of 373087404?
7
What is the ten thousands digit of 339186137?
8
What is the hundred millions digit of 996899445?
9
What is the units digit of 811068716?
6
What is the thousands digit of 2952066?
2
What is the hundreds digit of 104691743?
7
What is the hundred millions digit of 133844908?
1
What is the millions digit of 178476869?
8
What is the ten thousands digit of 100452287?
5
What is the thousands digit of 142852686?
2
What is the units digit of 7181736?
6
What is the ten millions digit of 983489296?
8
What is the thousands digit of 252268278?
8
What is the units digit of 705014780?
0
What is the hundred thousands digit of 38394081?
3
What is the tens digit of 2628242305?
0
What is the hundred millions digit of 1060878872?
0
What is the tens digit of 236203511?
1
What is the hundred thousands digit of 45141539?
1
What is the ten millions digit of 931745065?
3
What is the ten millions digit of 76066658?
7
What is the hundred thousands digit of 1208730108?
7
What is the ten millions digit of 112